ainder when f is divided by k.
57
Suppose 8 = -4*i - 4, -4*b + 5*i = -35. Suppose -5*x - b*x = -40. Let r(w) = -w**3 + 10*w**2 + w - 9. Calculate the remainder when x is divided by r(10).
0
Let l be 2/(-9) + 118/531. Suppose -7*u + 176 + 20 = l. Calculate the remainder when 73 is divided by u.
17
Suppose -u - 373 = 825. Let n = -1188 - u. Let m(z) = 3*z**2 + 2*z - 1. Calculate the remainder when n is divided by m(1).
2
Let d(z) = 6*z**2 + 5*z - 6. Suppose 25 = 2*m + 3*m. Suppose 0 = m*l - 10*l + 115. What is the remainder when d(-3) is divided by l?
10
Suppose 5*m - 60851 = -0*m - 2*n, -4*n + 32 = 0. What is the remainder when m is divided by 104?
103
Suppose 0 = -7*v + 15*v - 5440. Let g = v - 674. What is the remainder when 63 is divided by g?
3
Let o(q) = -q**3 - 37*q**2 + 39*q + 49. What is the remainder when 10899 is divided by o(-38)?
9
Calculate the remainder when (1 - (-38)/(-1))/((14 + -10)/(-100)) is divided by 92.
5
Let r = -573 + 591. Suppose -438 = -30*s - r. Calculate the remainder when 192 is divided by s.
10
Suppose 8*t + 2*t - 180 = 0. Let n(i) = 2*i - 25. Let d be n(t). Suppose -d*z + 13*z - 70 = 0. What is the remainder when 67 is divided by z?
32
Let p = -17552 + 17586. What is the remainder when -2*(-220 - (0 + 0)) is divided by p?
32
Suppose 3*b = b + 58. Let p = 43 - 14. Let l = p - 24. Calculate the remainder when b is divided by l.
4
Suppose 24*f - 27*f = -9. Suppose 0 = -f*o + 173 + 274. Calculate the remainder when o is divided by 19.
16
Suppose -4*x - 4*v = -552, 178*v + 138 = x + 173*v. Calculate the remainder when 277 is divided by x.
1
Let a = 1071 - 889. What is the remainder when 646 is divided by a?
100
Let s = -1037 + 1212. Calculate the remainder when s is divided by 88.
87
Suppose 0 = -2*y + 5*z + 4570, -5*y - 2*z + 1513 + 9825 = 0. Calculate the remainder when y is divided by 120.
110
What is the remainder when ((-3)/12*6)/((-6)/696) is divided by 154?
20
What is the remainder when 13424 is divided by ((-610)/(-25) - 16)*105/9?
96
Suppose -3*n - 118 = b - 341, -3*n - 7*b = -265. What is the remainder when 205 is divided by n?
61
Let g = 1 - -2. Suppose 0 = 3*a + 15, 5*a = -6*l + 2*l - 17. Suppose -26*s - l = -27*s. What is the remainder when g is divided by s?
1
Let z be 36/30*(-50)/30. What is the remainder when (-2 - (-1)/z)/((-31)/1178) is divided by 32/(-1)*2/(-4)?
15
What is the remainder when 472 is divided by (-1242)/759*(-77)/3?
10
Suppose 2*s + 1505 = 7*s. Let v = -207 + s. Suppose -5*t = 3*d - 111, 0 = -301*t + 304*t - d - 75. Calculate the remainder when v is divided by t.
22
Let i be 20/(-16) + (-387)/4. Let q = -53 - i. Calculate the remainder when (-6)/15*1310*2/(-8) is divided by q.
41
Suppose -134*p + 135*p = 12. Let c(t) = -t**2 + 9*t + 54. Calculate the remainder when 53 is divided by c(p).
17
Let w(h) = h**3 + 13*h**2 - 7*h + 19. Let i be w(-10). Suppose -i = -2*u - 129. What is the remainder when u is divided by 22?
20
Suppose 0 = -4*x - 4*k + 47 + 165, -k - 241 = -5*x. What is the remainder when x is divided by 16?
1
Let x(c) = 7*c + 7. Let p(h) = -26*h**2 + 2138*h + 8. What is the remainder when p(82) is divided by x(2)?
17
Suppose -10*m + 29*m = -42940. Suppose -2*h + 58 = -0*h. Calculate the remainder when m/10*(0 - 1)/2 is divided by h.
26
Let a = -31 + 75. Let p = a + -58. Let y = p + 23. What is the remainder when 24 is divided by y?
6
Let l(g) = 2*g**3 - 5*g**2 - 11*g + 40. What is the remainder when l(5) is divided by 61?
49
Let x(s) = 9*s**2 - 4*s + 3. Let u(j) = -10*j**2 + 4*j - 3. Let c(r) = 4*u(r) + 5*x(r). Let h = -193 - -219. Calculate the remainder when h is divided by c(2).
11
Suppose 71*m = 25031 - 3873. What is the remainder when 885 is divided by m?
289
Let l(h) = 316*h + 7935. Calculate the remainder when 3709 is divided by l(-25).
34
Let o = -7620 - -10838. Calculate the remainder when o is divided by 18.
14
Let o = -321 - -328. Suppose -5*i + 4*x + 188 = o, 4*x - 149 = -5*i. Calculate the remainder when 45 is divided by i.
12
Suppose -28*s + 63 = -19*s. Suppose 5*k - 126 = -4*h, -12*h = -s*h + 2*k - 166. What is the remainder when 129 is divided by h?
27
Suppose -2*p - 50 = -4*a, 5*a - 56 = 3*p + 2. Calculate the remainder when 239 is divided by a.
1
Suppose 12 = -3*p, -7*p + 14*p + 310 = 2*w. Calculate the remainder when 981 is divided by w.
135
Suppose 0 = 4*s - 3*y - 1036, 5*s - 2699 = -2*y - 1381. What is the remainder when 4716 is divided by s?
0
Let m(a) = a**3 + 25*a**2 - 72*a - 874. What is the remainder when m(-26) is divided by 34?
16
Suppose -12*w + 477 = 2*w - 5*w. Calculate the remainder when 3020 is divided by w.
52
Let v = 15273 + -15094. Suppose 6*l - 3*l = 135. What is the remainder when v is divided by l?
44
Let p(z) = -z + 46. Let g be p(21). Let o = -27 + g. Calculate the remainder when 736/24 - o/(-3) is divided by 16.
14
Suppose -19*b = -14*b - 25. Suppose -3*g + 0*g = -2*h + 24, 0 = 3*h - b*g - 37. Calculate the remainder when 111 is divided by h.
3
Suppose -24*z = -13022 - 4186. What is the remainder when z is divided by 103?
99
Let b(x) = 5*x - 30. Let r(o) = o**3 + 17*o**2 - o + 11. Calculate the remainder when r(-17) is divided by b(9).
13
Suppose 0 = -6*q + 30 - 1458. Let i = q + 274. What is the remainder when 114 is divided by i?
6
Let v(d) = -d**3 - 13*d**2 + 38*d - 129. What is the remainder when 66 is divided by v(-16)?
4
Let q = 7622 + -4231. Calculate the remainder when q is divided by 9.
7
Let o(i) = -i**2 - 9*i - 8. Let c be o(-7). Let v be ((-51)/34)/((-1)/c). Suppose -4*h + v*h = 205. What is the remainder when h is divided by 11?
8
Let f = -19 - -48. Let m = f + 1. Let d(g) = 36*g - 169. What is the remainder when m is divided by d(5)?
8
Let d(t) = t**2 + 2*t + 1. Let z be d(-3). Suppose 0 = 4*o - 10 - 38. Calculate the remainder when o is divided by 1 - (-4 - (z + -2)).
5
What is the remainder when (-43)/((-774)/86130) + 9 is divided by 137?
136
Let c = -6246 + 6401. What is the remainder when 476 is divided by c?
11
Let t(c) be the first derivative of 39*c**4/4 + 4*c**3/3 - 2*c**2 + 2*c + 9. What is the remainder when t(1) is divided by 3?
2
Suppose 255*z - 3319 - 1781 = 0. Let o be 2*1*2/4. Calculate the remainder when -74*o*2/(-4) is divided by z.
17
Let p = 29904 + -29844. What is the remainder when 9898 is divided by p?
58
Let m = 8 - 3. Suppose -30 = -t - m*t. Suppose -18*o = -22*o + 72. What is the remainder when o is divided by t?
3
Let m(i) = -13*i - 20. Let p be m(-6). Let k(u) = -2*u - 4. What is the remainder when (-3)/30*-2 - p/(-10) is divided by k(-4)?
2
Suppose -f - 1 = 0, -332 = s - 4*s - f. Let g = s + -40. What is the remainder when 140 is divided by g?
69
Let h(m) = -24*m - 353. What is the remainder when 327 is divided by h(-17)?
52
Let p(m) = -18*m + 99. Let q be p(6). What is the remainder when 119 is divided by (498/(-42) - q)*(-14)/4?
9
Suppose 657*c + 20 = 662*c. What is the remainder when 56 is divided by (-6)/24 - (-89)/c?
12
Suppose -61*a + 6402 + 3849 = 430. What is the remainder when a is divided by 139?
22
Let g(l) be the first derivative of l**3/3 - 3*l**2/2 - 24*l - 89. Let m = 30 - 14. Calculate the remainder when g(9) is divided by m.
14
Suppose -4*v = -1494 + 158. Suppose 5 = -j, 0 = -y + j + 2*j + v. What is the remainder when y is divided by 23?
20
Suppose -13*i + 10*i = f - 152, 0 = 3*i + 2*f - 151. What is the remainder when 200 is divided by i?
47
Let s be 13/39 + 70/6. Suppose h - 10 = s. Suppose -3*a + 31 = -a - 5*z, 3*a = -z + 38. What is the remainder when h is divided by a?
9
Suppose -16*x - 7 = -55. Let w = 15 + -9. Suppose -w = -x*o + 39. Calculate the remainder when 72 is divided by o.
12
Let q = -538 - -582. Let l(k) = -k**2 + 39*k + 233. What is the remainder when 311 is divided by l(q)?
12
Let a = 17080 + -16955. What is the remainder when 989 is divided by a?
114
Let a = 4149 - 3400. What is the remainder when a is divided by 51?
35
Let s be (936/28)/(-6) - 3/7. Let h(d) = -4*d**2 - 31*d + 11. What is the remainder when 369 is divided by h(s)?
51
Let q(g) = -g**2 - 53*g - 334. Calculate the remainder when 173 is divided by q(-45).
17
Let q be (-9)/36 + 57/4. Let o(p) = -p**3 + 13*p**2 + 17*p - 20. Let s be o(q). Suppose 18*z + 120 = s*z. What is the remainder when 5